divided by 56?
55
What is the remainder when 114 is divided by (-75)/(-2) - (-42)/84?
0
Suppose -161*p = -137*p - 120. What is the remainder when 42 is divided by p?
2
Suppose -27 = -8*w + 29. Suppose 22 = t - w. Calculate the remainder when t is divided by 7.
1
Let j = -31 - -37. Let b(p) = -p**3 - 3*p**2 - 3*p - 6. What is the remainder when j is divided by b(-3)?
0
Let c(v) = -v**3 + v**2 + 2*v + 18. Let u be c(0). What is the remainder when 91 is divided by u/(-12) + (-5)/(-4)*26?
29
What is the remainder when 159 is divided by (2 - -22)/(12/((-24)/(-6)))?
7
Let r be 0/((-5)/(20/(-8))). Suppose 22*t - 27*t + 60 = r. Calculate the remainder when t is divided by 5.
2
Suppose 2*q + m - 27 = 0, -q + m = -1 - 17. Let z(d) = -14*d - 312. Calculate the remainder when z(-27) is divided by q.
6
Suppose -2*p + 68 = 2*p. Suppose 112 = 2*k + 4*w, -6*w + 7*w = -5. What is the remainder when k is divided by p?
15
Let c be 3*((-7 - -1) + 3 + -2). Let f = 31 + c. Calculate the remainder when f is divided by 7.
2
Suppose 0 = -c, 5*n - 2*c - 78 = -3. Let k(v) be the second derivative of v**4/12 - v**3 - 6*v**2 - 6*v. What is the remainder when k(10) is divided by n?
13
Let m = -99 - -99. Let u(r) = r**2 - r + 6. What is the remainder when u(m) is divided by 4?
2
Suppose n - 119 = -62. What is the remainder when 1822 is divided by n?
55
Let x be 6/(-4)*(-70)/(-63)*-6. Suppose s - 660 = -x*s. What is the remainder when s is divided by 16?
12
Let h = 375 + -364. What is the remainder when h is divided by 10?
1
Suppose -t + 3 = -1. Suppose 6 = t*b - 2*b. Let u(r) = -3*r - 36. Calculate the remainder when u(-14) is divided by b.
0
Let y = -44 - -61. Suppose 0 = -20*q + y*q + 3. What is the remainder when 8 is divided by q?
0
Let r be (-2 - (-18)/1)/1. Suppose 1 = 3*o - 11. What is the remainder when 53/11 - r/(-88) is divided by o?
1
Let p be (-2 - -7)/((-2)/(-4)). Let r(w) = w**3 - 6*w**2 + 5*w + 2. Let t be r(5). Suppose 6 = t*f - p. What is the remainder when f is divided by 3?
2
Suppose 3795 = -5*v + 38*v. What is the remainder when v is divided by 40?
35
Let v(u) = 4*u - 104 + 46 - 4*u + 52 + 3*u. Let s(l) = -l**2 - 6*l + 5. Let d be s(-5). What is the remainder when 70 is divided by v(d)?
22
Suppose 0 = -5*i + 15 - 0. Suppose 0 = a - 5*r - 12 + 37, -31 = 4*a + 3*r. What is the remainder when i is divided by 6/(-2) - (-16 - a)?
0
Let s(t) = t + 7. Let j be s(-5). Suppose 4*q = a - 14, 3*q = -j*q. Calculate the remainder when 41 is divided by a.
13
Let j(s) = 6*s - 12. Let o be j(9). Let p = o + 63. Calculate the remainder when p is divided by -3*12/16*-12.
24
Let m(t) = 5*t - 26. Let x be m(5). Calculate the remainder when 38 is divided by (-3 - x)*13/(-2).
12
Suppose -4*w - 2*u = -284, 0 = w + 3*u - 6*u - 85. What is the remainder when 580 is divided by w?
69
Let o = -322 + 359. Calculate the remainder when o is divided by 14.
9
Suppose -4*h - 4*f = -f - 111, 0 = -2*h - 2*f + 58. Suppose -345*j = -214*j - 11790. Calculate the remainder when j is divided by h.
18
Let x = -107 - -66. Let n = x + 88. Calculate the remainder when 187 is divided by n.
46
Let i = -2 + 5. Suppose -4*f + i*f - 4*m = -69, -5*f + 250 = m. Calculate the remainder when f is divided by 13.
10
Suppose 3*y - 3*d = 84, -5*y + 5*d = -4*y - 48. Let s = -46 + 86. Calculate the remainder when s is divided by y.
17
Suppose -177 = 14*q - 527. Calculate the remainder when q is divided by 18.
7
Suppose 83 = -5*c + 13. Let h = 22 + c. What is the remainder when 29 is divided by h?
5
Suppose -4*s + 343 = -237. Calculate the remainder when s is divided by 76.
69
Let r = 365 + -305. What is the remainder when r is divided by (-4)/(-2) + -1 + 8?
6
Suppose 2*y - 124 = -2*n, 4*y + 3*n - 249 + 2 = 0. What is the remainder when y is divided by 33?
28
Let t(b) be the first derivative of 2*b**2 + 5*b - 23. Calculate the remainder when 40 is divided by t(2).
1
Let c(h) = h**3 - 5*h**2 + 7*h - 4. Suppose -23 = 5*p - o - 6, -2*p = -4*o + 14. Let u = 14 + p. Calculate the remainder when c(5) is divided by u.
9
Suppose -4*h - 6 - 6 = 0. Let b(w) = -3*w - 9. What is the remainder when b(-12) is divided by (6*1)/h + 16?
13
Let k be (156/(-16) + (-6)/(-8))*-5. Let g be 3/(-6)*0 - -5. Suppose -50 = -g*d + k. Calculate the remainder when d is divided by 10.
9
Let r(g) = 2*g**2 + 8*g + 5. Calculate the remainder when 135 is divided by r(-7).
41
What is the remainder when 89496/504 - (-3)/7 is divided by 68?
42
Let w = 1613 - 1603. What is the remainder when w is divided by 1?
0
Let d(c) = 139*c**2 - c. Let i be d(-1). Suppose -v - 6 = 2*v, i = 3*l + 2*v. Let w(o) = -o**2 + 17. Calculate the remainder when l is divided by w(0).
14
Suppose 82630 = 70*f + 10040. Calculate the remainder when f is divided by 40.
37
Let f = 38 + -25. Let k(x) = 4*x + 9. What is the remainder when k(4) is divided by f?
12
Suppose -20*k + 582 = -478. What is the remainder when 741 is divided by k?
52
What is the remainder when 117 is divided by (-28)/(-24) - 1 - 572/(-24)?
21
Suppose 3*p = g + 205, 0 = -5*p - 0*p + 5*g + 355. Let m = p + -55. What is the remainder when 69 is divided by m?
9
Suppose -4*x + 0*x + 2*i + 2 = 0, -i - 5 = 0. Calculate the remainder when (18/(-8))/((-125)/(-64) + x) is divided by 14.
6
Suppose 5*x - 152 = 4*b, x + 126 = 5*x - b. Let p = x - 25. Calculate the remainder when 13 is divided by p.
6
Let r(m) = -3*m + 2. Let t = -4640 + 4693. Calculate the remainder when t is divided by r(-6).
13
Let l be (37 + -28)*1*14. Suppose -9 = -3*c + l. Calculate the remainder when 179 is divided by c.
44
Suppose -4*c + 146 = -s - 67, c - 5*s - 58 = 0. What is the remainder when c is divided by (-4)/4*3 + 17?
11
Let q = 19 + -30. Let s = 8 - q. Calculate the remainder when 34 is divided by s.
15
Suppose 0 = -4*i + h + 67, 4*i - 7*i + 2*h + 49 = 0. What is the remainder when i is divided by 15?
2
Suppose -2*u - v = -5*v + 6, 27 = 4*u + 5*v. Suppose -u = 2*l - 5. Calculate the remainder when l is divided by 1.
0
Let u = 131 + -58. Calculate the remainder when u is divided by 20.
13
Suppose -f = -4*f + 27. Let n be (-2)/(-16) + (-158)/(-16). Suppose 5*o = n*o - 175. What is the remainder when o is divided by f?
8
Suppose 2*u = 2*o - 0*o - 134, 2*o - 5*u = 146. Let b = -50 - -8. Let v = b + o. What is the remainder when 59 is divided by v?
17
Let c be 6*(1 - 1/3). What is the remainder when 44 is divided by (c/(-6))/((-16)/216)?
8
Let r(q) = -12*q - 3. Let z be r(-3). Suppose 5*v + 10 = 0, 3*i - z - 1 = -4*v. Calculate the remainder when 68 is divided by i.
12
Suppose 13*y = 365 + 64. Calculate the remainder when 556 is divided by y.
28
Suppose 2*l - 410 = 2*q, -2*l - 3*q - 1021 = -7*l. What is the remainder when l is divided by 54?
41
Let s = 16 - 2. Let o(p) = p**2 + 3*p + 4. What is the remainder when s is divided by o(-2)?
0
Let a(s) = s**3 + 6*s**2 + 4*s. Let z be a(-5). Suppose -z*d = -10*d + 35. Suppose -9 = -d*m + 6*m. What is the remainder when m is divided by 6?
3
Let d = 9 - 64. Let i = d - -89. Calculate the remainder when i is divided by 1 + 39/6 - (-19)/(-38).
6
Let p(c) = 30*c**2 + 25*c + 153. Calculate the remainder when p(-5) is divided by 52.
50
Let s(r) = 5*r**2 + 9*r + 72. Suppose 0 = 3*b - 0*z + 5*z - 132, 150 = 4*b - 2*z. What is the remainder when s(-5) is divided by b?
35
Suppose 0 = 4*q - 4*d - 348, -2*q + 5*d - 4*d = -178. What is the remainder when q is divided by 22?
3
Let y(j) = 16*j + 332. Suppose 444 = -6*s + 8*s. Calculate the remainder when s is divided by y(-19).
26
Suppose c = 2, -25 = -4*b - 2*c + 11. What is the remainder when 30 is divided by b?
6
Suppose 0 = 4*k - 7 - 9. Let s be ((-66)/4)/((-3)/66). Suppose -k*t + 73 + s = 0. Calculate the remainder when t is divided by 28.
25
Let r = 42 + 12. Let q(v) = 4*v**3 + 4*v + 17. Let u(h) = h**3 + h + 1. Let w(m) = q(m) - 3*u(m). What is the remainder when r is divided by w(0)?
12
Suppose 9 + 3 = 3*m. Suppose -5*n + 30 = -5*k, -14 - 19 = -m*n + k. Calculate the remainder when 23 is divided by n.
5
Let y = 4 - -7. Let j(o) = o**3 - 10*o**2 - 11*o + 11. Calculate the remainder when 51 is divided by j(y).
7
Suppose 3*t = -4*j + 2424, 2*t - 4*t + 1212 = 2*j. Suppose 0*n + 601 = 4*n - 3*o, -j = -4*n - 2*o. What is the remainder when n is divided by 38?